{"id":381,"date":"2017-07-12T11:27:12","date_gmt":"2017-07-12T11:27:12","guid":{"rendered":"http:\/\/www.edainver.com\/?page_id=381"},"modified":"2017-07-20T11:18:08","modified_gmt":"2017-07-20T11:18:08","slug":"empresa","status":"publish","type":"page","link":"http:\/\/www.edainver.com\/index.php\/empresa\/","title":{"rendered":"Empresa"},"content":{"rendered":"<p>[vc_row full_width=\u00bbstretch_row_content_no_spaces\u00bb][vc_column][constructed_heading title=\u00bbEmpresa\u00bb image=\u00bb9&#8243;][\/vc_column][\/vc_row][vc_row desctop_pt=\u00bbpadding-md-55t\u00bb desctop_pb=\u00bbpadding-md-20b\u00bb tablets_pt=\u00bbpadding-sm-25t\u00bb tablets_pb=\u00bbpadding-sm-10b\u00bb mobile_pt=\u00bbpadding-xs-25t\u00bb mobile_pb=\u00bbpadding-xs-10b\u00bb][vc_column][constructed_title title_tag=\u00bbh2&#8243; title=\u00bbNuestra actividad\u00bb css=\u00bb.vc_custom_1499854367809{margin-bottom: 36px !important;}\u00bb][vc_row_inner][vc_column_inner width=\u00bb1\/2&#8243;][vc_single_image image=\u00bb404&#8243; img_size=\u00bbfull\u00bb][\/vc_column_inner][vc_column_inner width=\u00bb1\/2&#8243;][constructed_text_block title_tag=\u00bbh3&#8243;]<strong>Edainver<\/strong> nace con el prop\u00f3sito de aportar soluciones inmobiliarias adaptadas a la demanda empresarial, siendo el sector industrial, el terciario y el de suelo su principal l\u00ednea de negocio.<\/p>\n<p><strong>Edainver<\/strong> centra su actividad en el alquiler de naves industriales y oficinas, teniendo como objetivo satisfacer las necesidades reales de sus clientes en los diferentes escenarios del mercado inmobiliario.<\/p>\n<p>La seriedad, el compromiso y la eficacia, unidos a un conocimiento exhaustivo del sector inombiliario, son premisas fundamentales en la filosof\u00eda empresarial de <strong>Edainver<\/strong>.<\/p>\n<p>Ubicada en el centro neur\u00e1lgico del tejido industrial de Zaragoza, <strong>Edainver<\/strong> da servicio desde sus oficinas de manera eficiente.<\/p>\n<p><strong>Edainver<\/strong> cuenta con un equipo comercial que acumula muchos a\u00f1os de experiencia, prestando un asesoramiento personalizado y de calidad, basado en la experiencia y la profesionalidad.[\/constructed_text_block][\/vc_column_inner][\/vc_row_inner][\/vc_column][\/vc_row][vc_row full_width=\u00bbstretch_row\u00bb desctop_pt=\u00bbpadding-md-35t\u00bb desctop_pb=\u00bbpadding-md-45b\u00bb tablets_pt=\u00bbpadding-sm-15t\u00bb tablets_pb=\u00bbpadding-sm-20b\u00bb mobile_pt=\u00bbpadding-xs-10t\u00bb mobile_pb=\u00bbpadding-xs-15b\u00bb css=\u00bb.vc_custom_1500542614202{background-color: #363636 !important;}\u00bb][vc_column width=\u00bb1\/2&#8243; mobile_pt=\u00bbpadding-xs-20t\u00bb css=\u00bb.vc_custom_1500549427175{margin-right: 20px !important;border-right-width: 1px !important;border-right-color: #ffffff !important;border-right-style: solid !important;}\u00bb][constructed_title title_tag=\u00bbh2&#8243; style=\u00bbdark\u00bb title=\u00bbNuestro compromiso\u00bb css=\u00bb.vc_custom_1500549488969{margin-bottom: 36px !important;}\u00bb][constructed_text_block title_tag=\u00bbh3&#8243;]Las personas que formamos parte de <strong>Edainver<\/strong> creemos que el trabajo bien hecho exige un compromiso en su realizaci\u00f3n.<\/p>\n<p>Nuestra voluntad de mejorar d\u00eda a d\u00eda se traduce en la calidad de nuestros productos. Por ello hemos creado un proyecto empresarial s\u00f3lido y fiable, que quiere contribuir a la construcci\u00f3n de un futuro habitable.<\/p>\n<p><strong>Edainver<\/strong> promueve actuaciones inmobiliarias en el \u00e1mbito industrial que se caracterizan por el alto nivel de sus acabados y su cuidada l\u00ednea arquitect\u00f3nica<\/p>\n<p>En la actualidad las personas siguen ocupando el centro de nuestra organizaci\u00f3n: con cada cliente, proveedor, colaborador, as\u00ed como con los agentes sociales con quienes interactuamos, planteamos una relaci\u00f3n que tiene en cuenta el potencial de las personas, sus necesidades e inquietudes.[\/constructed_text_block][\/vc_column][vc_column width=\u00bb1\/2&#8243;][constructed_title title_tag=\u00bbh2&#8243; style=\u00bbdark\u00bb align=\u00bbleft\u00bb title=\u00bbNuestros servicios\u00bb css=\u00bb.vc_custom_1500542640446{margin-bottom: 36px !important;}\u00bb][constructed_text_block title_tag=\u00bbh3&#8243;]<img loading=\"lazy\" decoding=\"async\" class=\"size-medium wp-image-432 alignleft\" src=\"http:\/\/www.edainver.com\/wp-content\/uploads\/2017\/07\/Nave_Valladolid-01-300x225.jpg\" alt=\"\" width=\"300\" height=\"225\" srcset=\"http:\/\/www.edainver.com\/wp-content\/uploads\/2017\/07\/Nave_Valladolid-01-300x225.jpg 300w, http:\/\/www.edainver.com\/wp-content\/uploads\/2017\/07\/Nave_Valladolid-01-768x576.jpg 768w, http:\/\/www.edainver.com\/wp-content\/uploads\/2017\/07\/Nave_Valladolid-01.jpg 900w\" sizes=\"(max-width: 300px) 100vw, 300px\" \/>Nos proponemos seguir avanzando hacia la innovaci\u00f3n, aplic\u00e1ndola tanto en el desarrollo de nuestra actividad como en todas las relaciones que establecemos, consolid\u00e1ndonos como operador inmobiliario de referencia dentro de nuestra especialidad.<\/p>\n<p>Desde el punto de vista t\u00e9cnico, <strong>Edainver<\/strong> ofrece soluciones en los siguientes \u00e1mbitos de la promoci\u00f3n inmobiliaria:<\/p>\n<ul>\n<li>Venta de naves industriales y comerciales<\/li>\n<li>Alquiler de naves industriales y oficinas<\/li>\n<\/ul>\n<p>[\/constructed_text_block][\/vc_column][\/vc_row]<\/p>\n","protected":false},"excerpt":{"rendered":"<p>[vc_row full_width=\u00bbstretch_row_content_no_spaces\u00bb][vc_column][constructed_heading title=\u00bbEmpresa\u00bb image=\u00bb9&#8243;][\/vc_column][\/vc_row][vc_row desctop_pt=\u00bbpadding-md-55t\u00bb desctop_pb=\u00bbpadding-md-20b\u00bb tablets_pt=\u00bbpadding-sm-25t\u00bb tablets_pb=\u00bbpadding-sm-10b\u00bb mobile_pt=\u00bbpadding-xs-25t\u00bb mobile_pb=\u00bbpadding-xs-10b\u00bb][vc_column][constructed_title title_tag=\u00bbh2&#8243; title=\u00bbNuestra actividad\u00bb css=\u00bb.vc_custom_1499854367809{margin-bottom: 36px !important;}\u00bb][vc_row_inner][vc_column_inner width=\u00bb1\/2&#8243;][vc_single_image image=\u00bb404&#8243; img_size=\u00bbfull\u00bb][\/vc_column_inner][vc_column_inner width=\u00bb1\/2&#8243;][constructed_text_block title_tag=\u00bbh3&#8243;]Edainver nace con el prop\u00f3sito de aportar soluciones inmobiliarias adaptadas a la demanda empresarial, siendo el sector industrial, el terciario y el de suelo su principal l\u00ednea de negocio. Edainver centra su actividad en el [&hellip;]<\/p>\n","protected":false},"author":1,"featured_media":0,"parent":0,"menu_order":1,"comment_status":"closed","ping_status":"closed","template":"","meta":{"footnotes":""},"_links":{"self":[{"href":"http:\/\/www.edainver.com\/index.php\/wp-json\/wp\/v2\/pages\/381"}],"collection":[{"href":"http:\/\/www.edainver.com\/index.php\/wp-json\/wp\/v2\/pages"}],"about":[{"href":"http:\/\/www.edainver.com\/index.php\/wp-json\/wp\/v2\/types\/page"}],"author":[{"embeddable":true,"href":"http:\/\/www.edainver.com\/index.php\/wp-json\/wp\/v2\/users\/1"}],"replies":[{"embeddable":true,"href":"http:\/\/www.edainver.com\/index.php\/wp-json\/wp\/v2\/comments?post=381"}],"version-history":[{"count":83,"href":"http:\/\/www.edainver.com\/index.php\/wp-json\/wp\/v2\/pages\/381\/revisions"}],"predecessor-version":[{"id":782,"href":"http:\/\/www.edainver.com\/index.php\/wp-json\/wp\/v2\/pages\/381\/revisions\/782"}],"wp:attachment":[{"href":"http:\/\/www.edainver.com\/index.php\/wp-json\/wp\/v2\/media?parent=381"}],"curies":[{"name":"wp","href":"https:\/\/api.w.org\/{rel}","templated":true}]}}

<p>[vc_row full_width=»stretch_row_content_no_spaces»][vc_column][constructed_heading title=»Empresa» image=»9&#8243;][/vc_column][/vc_row][vc_row desctop_pt=»padding-md-55t» desctop_pb=»padding-md-20b» tablets_pt=»padding-sm-25t» tablets_pb=»padding-sm-10b» mobile_pt=»padding-xs-25t» mobile_pb=»padding-xs-10b»][vc_column][constructed_title title_tag=»h2&#8243; title=»Nuestra actividad» css=».vc_custom_1499854367809{margin-bottom: 36px !important;}»][vc_row_inner][vc_column_inner width=»1/2&#8243;][vc_single_image image=»404&#8243; img_size=»full»][/vc_column_inner][vc_column_inner width=»1/2&#8243;][constructed_text_block title_tag=»h3&#8243;]<strong>Edainver</strong> nace con el propósito de aportar soluciones inmobiliarias adaptadas a la demanda empresarial, siendo el sector industrial, el terciario y el de suelo su principal línea de negocio.</p>
<p><strong>Edainver</strong> centra su actividad en el alquiler de naves industriales y oficinas, teniendo como objetivo satisfacer las necesidades reales de sus clientes en los diferentes escenarios del mercado inmobiliario.</p>
<p>La seriedad, el compromiso y la eficacia, unidos a un conocimiento exhaustivo del sector inombiliario, son premisas fundamentales en la filosofía empresarial de <strong>Edainver</strong>.</p>
<p>Ubicada en el centro neurálgico del tejido industrial de Zaragoza, <strong>Edainver</strong> da servicio desde sus oficinas de manera eficiente.</p>
<p><strong>Edainver</strong> cuenta con un equipo comercial que acumula muchos años de experiencia, prestando un asesoramiento personalizado y de calidad, basado en la experiencia y la profesionalidad.[/constructed_text_block][/vc_column_inner][/vc_row_inner][/vc_column][/vc_row][vc_row full_width=»stretch_row» desctop_pt=»padding-md-35t» desctop_pb=»padding-md-45b» tablets_pt=»padding-sm-15t» tablets_pb=»padding-sm-20b» mobile_pt=»padding-xs-10t» mobile_pb=»padding-xs-15b» css=».vc_custom_1500542614202{background-color: #363636 !important;}»][vc_column width=»1/2&#8243; mobile_pt=»padding-xs-20t» css=».vc_custom_1500549427175{margin-right: 20px !important;border-right-width: 1px !important;border-right-color: #ffffff !important;border-right-style: solid !important;}»][constructed_title title_tag=»h2&#8243; style=»dark» title=»Nuestro compromiso» css=».vc_custom_1500549488969{margin-bottom: 36px !important;}»][constructed_text_block title_tag=»h3&#8243;]Las personas que formamos parte de <strong>Edainver</strong> creemos que el trabajo bien hecho exige un compromiso en su realización.</p>
<p>Nuestra voluntad de mejorar día a día se traduce en la calidad de nuestros productos. Por ello hemos creado un proyecto empresarial sólido y fiable, que quiere contribuir a la construcción de un futuro habitable.</p>
<p><strong>Edainver</strong> promueve actuaciones inmobiliarias en el ámbito industrial que se caracterizan por el alto nivel de sus acabados y su cuidada línea arquitectónica</p>
<p>En la actualidad las personas siguen ocupando el centro de nuestra organización: con cada cliente, proveedor, colaborador, así como con los agentes sociales con quienes interactuamos, planteamos una relación que tiene en cuenta el potencial de las personas, sus necesidades e inquietudes.[/constructed_text_block][/vc_column][vc_column width=»1/2&#8243;][constructed_title title_tag=»h2&#8243; style=»dark» align=»left» title=»Nuestros servicios» css=».vc_custom_1500542640446{margin-bottom: 36px !important;}»][constructed_text_block title_tag=»h3&#8243;]<img loading="lazy" decoding="async" class="size-medium wp-image-432 alignleft" src="http://www.edainver.com/wp-content/uploads/2017/07/Nave_Valladolid-01-300x225.jpg" alt="" width="300" height="225" srcset="http://www.edainver.com/wp-content/uploads/2017/07/Nave_Valladolid-01-300x225.jpg 300w, http://www.edainver.com/wp-content/uploads/2017/07/Nave_Valladolid-01-768x576.jpg 768w, http://www.edainver.com/wp-content/uploads/2017/07/Nave_Valladolid-01.jpg 900w" sizes="(max-width: 300px) 100vw, 300px" />Nos proponemos seguir avanzando hacia la innovación, aplicándola tanto en el desarrollo de nuestra actividad como en todas las relaciones que establecemos, consolidándonos como operador inmobiliario de referencia dentro de nuestra especialidad.</p>
<p>Desde el punto de vista técnico, <strong>Edainver</strong> ofrece soluciones en los siguientes ámbitos de la promoción inmobiliaria:</p>
<ul>
<li>Venta de naves industriales y comerciales</li>
<li>Alquiler de naves industriales y oficinas</li>
</ul>
<p>[/constructed_text_block][/vc_column][/vc_row]</p>

<p>[vc_row full_width=»stretch_row_content_no_spaces»][vc_column][constructed_heading title=»Empresa» image=»9&#8243;][/vc_column][/vc_row][vc_row desctop_pt=»padding-md-55t» desctop_pb=»padding-md-20b» tablets_pt=»padding-sm-25t» tablets_pb=»padding-sm-10b» mobile_pt=»padding-xs-25t» mobile_pb=»padding-xs-10b»][vc_column][constructed_title title_tag=»h2&#8243; title=»Nuestra actividad» css=».vc_custom_1499854367809{margin-bottom: 36px !important;}»][vc_row_inner][vc_column_inner width=»1/2&#8243;][vc_single_image image=»404&#8243; img_size=»full»][/vc_column_inner][vc_column_inner width=»1/2&#8243;][constructed_text_block title_tag=»h3&#8243;]Edainver nace con el propósito de aportar soluciones inmobiliarias adaptadas a la demanda empresarial, siendo el sector industrial, el terciario y el de suelo su principal línea de negocio. Edainver centra su actividad en el [&hellip;]</p>
