{"id":515,"date":"2017-07-13T10:13:52","date_gmt":"2017-07-13T10:13:52","guid":{"rendered":"http:\/\/www.edainver.com\/?page_id=515"},"modified":"2017-07-25T11:13:37","modified_gmt":"2017-07-25T11:13:37","slug":"poligono-antiguas-naves-jesus-vicente","status":"publish","type":"page","link":"http:\/\/www.edainver.com\/index.php\/alquilar\/zaragoza\/poligono-antiguas-naves-jesus-vicente\/","title":{"rendered":"Pol\u00edgono Antiguas naves Jes\u00fas Vicente"},"content":{"rendered":"<p>[vc_row full_width=\u00bbstretch_row_content_no_spaces\u00bb][vc_column][constructed_heading title=\u00bbPol\u00edgono Antiguas naves Jes\u00fas Vicente \u00bb image=\u00bb9&#8243;][\/vc_column][\/vc_row][vc_row desctop_pt=\u00bbpadding-md-55t\u00bb desctop_pb=\u00bbpadding-md-20b\u00bb tablets_pt=\u00bbpadding-sm-25t\u00bb tablets_pb=\u00bbpadding-sm-10b\u00bb mobile_pt=\u00bbpadding-xs-25t\u00bb mobile_pb=\u00bbpadding-xs-10b\u00bb][vc_column][vc_row_inner css=\u00bb.vc_custom_1500020765690{margin-bottom: 35px !important;}\u00bb][vc_column_inner width=\u00bb1\/2&#8243; css=\u00bb.vc_custom_1500550329067{margin-bottom: 20px !important;}\u00bb][constructed_gallery images=\u00bb622&#8243;][\/vc_column_inner][vc_column_inner width=\u00bb1\/2&#8243;][constructed_text_block title_tag=\u00bbh3&#8243; title=\u00bbEdificio compuesto de nave y oficinas\u00bb]Edificio con una superficie total de 3200 m2 repartidos en naves y oficinas, ubicado sobre parcela de 8600 m2 , dotado de 32 plazas de aparcamiento cubiertas, instalaci\u00f3n contra incendios, transformador propio y amplias campas abiertas.<\/p>\n<p>Ubicado en el pol\u00edgono Antiguas naves Jes\u00fas Vicente (a continuaci\u00f3n de SEUR), muy pr\u00f3ximo a urbanizaciones como Rosales del Canal, dispone de una r\u00e1pida conexi\u00f3n con la Z40, ronda de circunvalaci\u00f3n que conecta con todas las salidas de la ciudad.<\/p>\n<p>El pol\u00edgono es cerrado y de reducida dimensi\u00f3n, lo que facilita la seguridad[\/constructed_text_block][\/vc_column_inner][\/vc_row_inner][\/vc_column][\/vc_row][vc_row desctop_pb=\u00bbpadding-md-20b\u00bb tablets_pb=\u00bbpadding-sm-15b\u00bb mobile_pb=\u00bbpadding-xs-0b\u00bb][vc_column width=\u00bb1\/6&#8243;][constructed_gallery images=\u00bb633&#8243;][\/vc_column][vc_column width=\u00bb1\/6&#8243;][constructed_gallery images=\u00bb634&#8243;][\/vc_column][vc_column width=\u00bb1\/6&#8243;][constructed_gallery images=\u00bb635&#8243;][\/vc_column][vc_column width=\u00bb1\/6&#8243;][constructed_gallery images=\u00bb636&#8243;][\/vc_column][vc_column width=\u00bb1\/6&#8243;][constructed_gallery images=\u00bb637&#8243;][\/vc_column][vc_column width=\u00bb1\/6&#8243;][constructed_gallery images=\u00bb638&#8243;][\/vc_column][\/vc_row][vc_row desctop_pb=\u00bbpadding-md-50b\u00bb tablets_pb=\u00bbpadding-sm-15b\u00bb mobile_pb=\u00bbpadding-xs-15b\u00bb][vc_column width=\u00bb1\/6&#8243;][constructed_gallery images=\u00bb639&#8243;][\/vc_column][vc_column width=\u00bb1\/6&#8243;][constructed_gallery images=\u00bb640&#8243;][\/vc_column][vc_column width=\u00bb1\/6&#8243;][constructed_gallery images=\u00bb641&#8243;][\/vc_column][vc_column width=\u00bb1\/6&#8243;][constructed_gallery images=\u00bb642&#8243;][\/vc_column][vc_column width=\u00bb1\/6&#8243;][constructed_gallery images=\u00bb643&#8243;][\/vc_column][vc_column width=\u00bb1\/6&#8243;][constructed_gallery images=\u00bb644&#8243;][\/vc_column][\/vc_row][vc_row desctop_pt=\u00bbpadding-md-20t\u00bb desctop_pb=\u00bbpadding-md-25b\u00bb tablets_pt=\u00bbpadding-sm-20t\u00bb tablets_pb=\u00bbpadding-sm-10b\u00bb mobile_pt=\u00bbpadding-xs-20t\u00bb mobile_pb=\u00bbpadding-xs-10b\u00bb][vc_column][constructed_title title=\u00bbClientes\u00bb css=\u00bb.vc_custom_1500024103420{margin-bottom: 36px !important;}\u00bb][constructed_text_block title_tag=\u00bbh3&#8243; css=\u00bb.vc_custom_1500027338328{margin-bottom: 30px !important;}\u00bb]Estos son algunos de los clientes que han elegido nuestro espacio:[\/constructed_text_block][\/vc_column][\/vc_row][vc_row desctop_pb=\u00bbpadding-md-45b\u00bb tablets_pb=\u00bbpadding-sm-15b\u00bb mobile_pb=\u00bbpadding-xs-15b\u00bb][vc_column width=\u00bb1\/4&#8243;][vc_row_inner][vc_column_inner width=\u00bb1\/2&#8243;][vc_single_image image=\u00bb580&#8243; img_size=\u00bb\u00bb alignment=\u00bbcenter\u00bb][\/vc_column_inner][vc_column_inner width=\u00bb1\/2&#8243;][vc_single_image image=\u00bb808&#8243; img_size=\u00bbfull\u00bb alignment=\u00bbcenter\u00bb][\/vc_column_inner][\/vc_row_inner][\/vc_column][vc_column width=\u00bb1\/4&#8243;][vc_row_inner][vc_column_inner width=\u00bb1\/2&#8243;][vc_single_image image=\u00bb583&#8243; img_size=\u00bb\u00bb alignment=\u00bbcenter\u00bb][\/vc_column_inner][vc_column_inner width=\u00bb1\/2&#8243;][vc_single_image image=\u00bb814&#8243; img_size=\u00bbfull\u00bb alignment=\u00bbcenter\u00bb][\/vc_column_inner][\/vc_row_inner][\/vc_column][vc_column width=\u00bb1\/4&#8243;][vc_row_inner][vc_column_inner width=\u00bb1\/2&#8243;][vc_single_image image=\u00bb815&#8243; img_size=\u00bbfull\u00bb alignment=\u00bbcenter\u00bb][\/vc_column_inner][vc_column_inner width=\u00bb1\/2&#8243;][vc_single_image image=\u00bb816&#8243; img_size=\u00bbfull\u00bb alignment=\u00bbcenter\u00bb][\/vc_column_inner][\/vc_row_inner][\/vc_column][vc_column width=\u00bb1\/4&#8243;][vc_row_inner][vc_column_inner width=\u00bb1\/2&#8243;][vc_single_image image=\u00bb817&#8243; img_size=\u00bbfull\u00bb alignment=\u00bbcenter\u00bb][\/vc_column_inner][vc_column_inner width=\u00bb1\/2&#8243;][\/vc_column_inner][\/vc_row_inner][\/vc_column][\/vc_row]<\/p>\n","protected":false},"excerpt":{"rendered":"<p>[vc_row full_width=\u00bbstretch_row_content_no_spaces\u00bb][vc_column][constructed_heading title=\u00bbPol\u00edgono Antiguas naves Jes\u00fas Vicente \u00bb image=\u00bb9&#8243;][\/vc_column][\/vc_row][vc_row desctop_pt=\u00bbpadding-md-55t\u00bb desctop_pb=\u00bbpadding-md-20b\u00bb tablets_pt=\u00bbpadding-sm-25t\u00bb tablets_pb=\u00bbpadding-sm-10b\u00bb mobile_pt=\u00bbpadding-xs-25t\u00bb mobile_pb=\u00bbpadding-xs-10b\u00bb][vc_column][vc_row_inner css=\u00bb.vc_custom_1500020765690{margin-bottom: 35px !important;}\u00bb][vc_column_inner width=\u00bb1\/2&#8243; css=\u00bb.vc_custom_1500550329067{margin-bottom: 20px !important;}\u00bb][constructed_gallery images=\u00bb622&#8243;][\/vc_column_inner][vc_column_inner width=\u00bb1\/2&#8243;][constructed_text_block title_tag=\u00bbh3&#8243; title=\u00bbEdificio compuesto de nave y oficinas\u00bb]Edificio con una superficie total de 3200 m2 repartidos en naves y oficinas, ubicado sobre parcela de 8600 m2 , dotado de 32 plazas de [&hellip;]<\/p>\n","protected":false},"author":1,"featured_media":0,"parent":480,"menu_order":1,"comment_status":"closed","ping_status":"closed","template":"","meta":{"footnotes":""},"_links":{"self":[{"href":"http:\/\/www.edainver.com\/index.php\/wp-json\/wp\/v2\/pages\/515"}],"collection":[{"href":"http:\/\/www.edainver.com\/index.php\/wp-json\/wp\/v2\/pages"}],"about":[{"href":"http:\/\/www.edainver.com\/index.php\/wp-json\/wp\/v2\/types\/page"}],"author":[{"embeddable":true,"href":"http:\/\/www.edainver.com\/index.php\/wp-json\/wp\/v2\/users\/1"}],"replies":[{"embeddable":true,"href":"http:\/\/www.edainver.com\/index.php\/wp-json\/wp\/v2\/comments?post=515"}],"version-history":[{"count":10,"href":"http:\/\/www.edainver.com\/index.php\/wp-json\/wp\/v2\/pages\/515\/revisions"}],"predecessor-version":[{"id":827,"href":"http:\/\/www.edainver.com\/index.php\/wp-json\/wp\/v2\/pages\/515\/revisions\/827"}],"up":[{"embeddable":true,"href":"http:\/\/www.edainver.com\/index.php\/wp-json\/wp\/v2\/pages\/480"}],"wp:attachment":[{"href":"http:\/\/www.edainver.com\/index.php\/wp-json\/wp\/v2\/media?parent=515"}],"curies":[{"name":"wp","href":"https:\/\/api.w.org\/{rel}","templated":true}]}}