{"id":545,"date":"2017-07-14T07:38:21","date_gmt":"2017-07-14T07:38:21","guid":{"rendered":"http:\/\/www.edainver.com\/?page_id=545"},"modified":"2017-07-26T09:37:25","modified_gmt":"2017-07-26T09:37:25","slug":"destacados","status":"publish","type":"page","link":"http:\/\/www.edainver.com\/index.php\/destacados\/","title":{"rendered":"Destacados"},"content":{"rendered":"<p>[vc_row full_width=\u00bbstretch_row_content_no_spaces\u00bb][vc_column][constructed_heading title=\u00bbDestacados\u00bb image=\u00bb9&#8243;][\/vc_column][\/vc_row][vc_row desctop_pt=\u00bbpadding-md-55t\u00bb desctop_pb=\u00bbpadding-md-40b\u00bb tablets_pt=\u00bbpadding-sm-20t\u00bb tablets_pb=\u00bbpadding-sm-15b\u00bb mobile_pt=\u00bbpadding-xs-15t\u00bb mobile_pb=\u00bbpadding-xs-15b\u00bb css=\u00bb.vc_custom_1499942243280{border-bottom-width: 1px !important;border-bottom-color: #e9e9e9 !important;border-bottom-style: solid !important;}\u00bb][vc_column][constructed_title title=\u00bbPol\u00edgono Plaza\u00bb css=\u00bb.vc_custom_1500018196067{margin-bottom: 36px !important;}\u00bb text=\u00bbZaragoza\u00bb][constructed_text_block css=\u00bb.vc_custom_1500018394621{margin-bottom: 55px !important;}\u00bb]La plataforma log\u00edstica <strong>PLAZA<\/strong> se encuentra ubicada en un punto estrat\u00e9gico de la ciudad de Zaragoza, junto a un importante nudo de comunicaciones por carretera, el aeropuerto y pr\u00f3xima a la segunda estaci\u00f3n del AVE prevista.<\/p>\n<p>Dentro de la plataforma log\u00edstica, se encuentra el parque empresarial que acoge a empresas con un marcado car\u00e1cter tecnol\u00f3gico, situado junto a la zona verde con mas superficie de Zaragoza, el <strong>parque lineal<\/strong>.<\/p>\n<p><strong>PLAZA<\/strong> cuenta con transporte p\u00fablico mediante autobuses, con paradas en la zona donde se ubica el edificio Edainver.<\/p>\n<p>[\/constructed_text_block][vc_row_inner][vc_column_inner width=\u00bb1\/3&#8243;][constructed_price title=\u00bbCaracter\u00edsticas\u00bb ficon=\u00bbfa fa-building\u00bb i_color=\u00bb#fac200&#8243; items=\u00bb%5B%7B%22count%22%3A%229.000m2%22%2C%22title%22%3A%22%20en%20tres%20edificios%22%7D%2C%7B%22count%22%3A%22200%20m2%20m%C3%ADnimo%22%2C%22title%22%3A%22modulables%22%7D%2C%7B%22count%22%3A%22Edificios%20inteligentes%22%7D%2C%7B%22count%22%3A%22Parking%20subterr%C3%A1neo%22%2C%22title%22%3A%22y%20%20plazas%20exteriores%22%7D%2C%7B%22count%22%3A%22Vigilado%2024%20horas%22%2C%22title%22%3A%22mediante%20videoc%C3%A1maras%22%7D%5D\u00bb b_color=\u00bb#fac200&#8243; h_color=\u00bb#000000&#8243; css=\u00bb.vc_custom_1499942180223{padding-bottom: 10px !important;}\u00bb][\/vc_column_inner][vc_column_inner width=\u00bb2\/3&#8243;][constructed_gallery images=\u00bb854&#8243;][\/vc_column_inner][\/vc_row_inner][constructed_button button=\u00bburl:http%3A%2F%2Fwww.edainver.com%2Findex.php%2Falquiler%2Fzaragoza%2Fpoligono-plaza%2F|title:Leer%20M%C3%A1s||\u00bb bgcolor=\u00bb#fac200&#8243; h_color=\u00bb#000000&#8243; css=\u00bb.vc_custom_1500017928233{margin-top: 20px !important;}\u00bb][\/vc_column][\/vc_row]<\/p>\n","protected":false},"excerpt":{"rendered":"<p>[vc_row full_width=\u00bbstretch_row_content_no_spaces\u00bb][vc_column][constructed_heading title=\u00bbDestacados\u00bb image=\u00bb9&#8243;][\/vc_column][\/vc_row][vc_row desctop_pt=\u00bbpadding-md-55t\u00bb desctop_pb=\u00bbpadding-md-40b\u00bb tablets_pt=\u00bbpadding-sm-20t\u00bb tablets_pb=\u00bbpadding-sm-15b\u00bb mobile_pt=\u00bbpadding-xs-15t\u00bb mobile_pb=\u00bbpadding-xs-15b\u00bb css=\u00bb.vc_custom_1499942243280{border-bottom-width: 1px !important;border-bottom-color: #e9e9e9 !important;border-bottom-style: solid !important;}\u00bb][vc_column][constructed_title title=\u00bbPol\u00edgono Plaza\u00bb css=\u00bb.vc_custom_1500018196067{margin-bottom: 36px !important;}\u00bb text=\u00bbZaragoza\u00bb][constructed_text_block css=\u00bb.vc_custom_1500018394621{margin-bottom: 55px !important;}\u00bb]La plataforma log\u00edstica PLAZA se encuentra ubicada en un punto estrat\u00e9gico de la ciudad de Zaragoza, junto a un importante nudo de comunicaciones por carretera, el aeropuerto y pr\u00f3xima a [&hellip;]<\/p>\n","protected":false},"author":1,"featured_media":0,"parent":0,"menu_order":3,"comment_status":"closed","ping_status":"closed","template":"","meta":{"footnotes":""},"_links":{"self":[{"href":"http:\/\/www.edainver.com\/index.php\/wp-json\/wp\/v2\/pages\/545"}],"collection":[{"href":"http:\/\/www.edainver.com\/index.php\/wp-json\/wp\/v2\/pages"}],"about":[{"href":"http:\/\/www.edainver.com\/index.php\/wp-json\/wp\/v2\/types\/page"}],"author":[{"embeddable":true,"href":"http:\/\/www.edainver.com\/index.php\/wp-json\/wp\/v2\/users\/1"}],"replies":[{"embeddable":true,"href":"http:\/\/www.edainver.com\/index.php\/wp-json\/wp\/v2\/comments?post=545"}],"version-history":[{"count":6,"href":"http:\/\/www.edainver.com\/index.php\/wp-json\/wp\/v2\/pages\/545\/revisions"}],"predecessor-version":[{"id":856,"href":"http:\/\/www.edainver.com\/index.php\/wp-json\/wp\/v2\/pages\/545\/revisions\/856"}],"wp:attachment":[{"href":"http:\/\/www.edainver.com\/index.php\/wp-json\/wp\/v2\/media?parent=545"}],"curies":[{"name":"wp","href":"https:\/\/api.w.org\/{rel}","templated":true}]}}

<p>[vc_row full_width=»stretch_row_content_no_spaces»][vc_column][constructed_heading title=»Destacados» image=»9&#8243;][/vc_column][/vc_row][vc_row desctop_pt=»padding-md-55t» desctop_pb=»padding-md-40b» tablets_pt=»padding-sm-20t» tablets_pb=»padding-sm-15b» mobile_pt=»padding-xs-15t» mobile_pb=»padding-xs-15b» css=».vc_custom_1499942243280{border-bottom-width: 1px !important;border-bottom-color: #e9e9e9 !important;border-bottom-style: solid !important;}»][vc_column][constructed_title title=»Polígono Plaza» css=».vc_custom_1500018196067{margin-bottom: 36px !important;}» text=»Zaragoza»][constructed_text_block css=».vc_custom_1500018394621{margin-bottom: 55px !important;}»]La plataforma logística <strong>PLAZA</strong> se encuentra ubicada en un punto estratégico de la ciudad de Zaragoza, junto a un importante nudo de comunicaciones por carretera, el aeropuerto y próxima a la segunda estación del AVE prevista.</p>
<p>Dentro de la plataforma logística, se encuentra el parque empresarial que acoge a empresas con un marcado carácter tecnológico, situado junto a la zona verde con mas superficie de Zaragoza, el <strong>parque lineal</strong>.</p>
<p><strong>PLAZA</strong> cuenta con transporte público mediante autobuses, con paradas en la zona donde se ubica el edificio Edainver.</p>
<p>[/constructed_text_block][vc_row_inner][vc_column_inner width=»1/3&#8243;][constructed_price title=»Características» ficon=»fa fa-building» i_color=»#fac200&#8243; items=»%5B%7B%22count%22%3A%229.000m2%22%2C%22title%22%3A%22%20en%20tres%20edificios%22%7D%2C%7B%22count%22%3A%22200%20m2%20m%C3%ADnimo%22%2C%22title%22%3A%22modulables%22%7D%2C%7B%22count%22%3A%22Edificios%20inteligentes%22%7D%2C%7B%22count%22%3A%22Parking%20subterr%C3%A1neo%22%2C%22title%22%3A%22y%20%20plazas%20exteriores%22%7D%2C%7B%22count%22%3A%22Vigilado%2024%20horas%22%2C%22title%22%3A%22mediante%20videoc%C3%A1maras%22%7D%5D» b_color=»#fac200&#8243; h_color=»#000000&#8243; css=».vc_custom_1499942180223{padding-bottom: 10px !important;}»][/vc_column_inner][vc_column_inner width=»2/3&#8243;][constructed_gallery images=»854&#8243;][/vc_column_inner][/vc_row_inner][constructed_button button=»url:http%3A%2F%2Fwww.edainver.com%2Findex.php%2Falquiler%2Fzaragoza%2Fpoligono-plaza%2F|title:Leer%20M%C3%A1s||» bgcolor=»#fac200&#8243; h_color=»#000000&#8243; css=».vc_custom_1500017928233{margin-top: 20px !important;}»][/vc_column][/vc_row]</p>

<p>[vc_row full_width=»stretch_row_content_no_spaces»][vc_column][constructed_heading title=»Destacados» image=»9&#8243;][/vc_column][/vc_row][vc_row desctop_pt=»padding-md-55t» desctop_pb=»padding-md-40b» tablets_pt=»padding-sm-20t» tablets_pb=»padding-sm-15b» mobile_pt=»padding-xs-15t» mobile_pb=»padding-xs-15b» css=».vc_custom_1499942243280{border-bottom-width: 1px !important;border-bottom-color: #e9e9e9 !important;border-bottom-style: solid !important;}»][vc_column][constructed_title title=»Polígono Plaza» css=».vc_custom_1500018196067{margin-bottom: 36px !important;}» text=»Zaragoza»][constructed_text_block css=».vc_custom_1500018394621{margin-bottom: 55px !important;}»]La plataforma logística PLAZA se encuentra ubicada en un punto estratégico de la ciudad de Zaragoza, junto a un importante nudo de comunicaciones por carretera, el aeropuerto y próxima a [&hellip;]</p>
