{"id":705,"date":"2017-07-20T08:35:16","date_gmt":"2017-07-20T08:35:16","guid":{"rendered":"http:\/\/www.edainver.com\/?page_id=705"},"modified":"2018-07-16T08:50:28","modified_gmt":"2018-07-16T08:50:28","slug":"politica-de-cookies","status":"publish","type":"page","link":"http:\/\/www.edainver.com\/index.php\/politica-de-cookies\/","title":{"rendered":"Pol\u00edtica de Cookies"},"content":{"rendered":"<p>[vc_row full_width=\u00bbstretch_row_content_no_spaces\u00bb][vc_column 0=\u00bb\u00bb][constructed_heading title=\u00bbPol\u00edtica de Cookies\u00bb image=\u00bb9&#8243;][\/vc_column][\/vc_row][vc_row 0=\u00bb\u00bb desctop_pt=\u00bbpadding-md-55t\u00bb desctop_pb=\u00bbpadding-md-55b\u00bb tablets_pt=\u00bbpadding-sm-25t\u00bb tablets_pb=\u00bbpadding-sm-20b\u00bb mobile_pt=\u00bbpadding-xs-25t\u00bb mobile_pb=\u00bbpadding-xs-15b\u00bb][vc_column 0=\u00bb\u00bb][constructed_text_block 0=\u00bb\u00bb title_tag=\u00bbh3&#8243; el_class=\u00bbTextoCookies\u00bb]En esta web se utilizan cookies propias y de terceros para conseguir que tengas una mejor experiencia de navegaci\u00f3n, puedas compartir contenido en redes sociales y para obtener estad\u00edsticas de usuarios.<\/p>\n<p>Como usuario, la manera m\u00e1s sencilla de evitar la descarga de cookies es bloqueando estas cookies mediante la configuraci\u00f3n apropiada de tu navegador, de esta manera evitar\u00e1s que las cookies se almacenen en tu disco duro.<\/p>\n<p>Como propietario de esta web, te comunico que no se utiliza ninguna informaci\u00f3n personal procedente de cookies, tan solo se utilizan estad\u00edsticas generales de visitas que en ning\u00fan caso remiten a ninguna informaci\u00f3n personal.<\/p>\n<p>Por eso es importante que leas la presente pol\u00edtica de cookies y comprendas que, si contin\u00faas navegando, consideramos que aceptas su uso.<\/p>\n<p>Seg\u00fan los t\u00e9rminos incluidos en el art\u00edculo 22.2 de la Ley 34\/2002 de Servicios de la Sociedad de la Informaci\u00f3n y Comercio Electr\u00f3nico, si contin\u00faas navegando, estar\u00e1s prestando tu consentimiento para el empleo de los referidos mecanismos.<\/p>\n<h3>\u00bfQu\u00e9 es una cookie?<\/h3>\n<p>Una cookie es un fichero de texto inofensivo que se almacena en su navegador cuando visita casi cualquier p\u00e1gina web. La utilidad de la cookie es que la web sea capaz de recordar su visita cuando vuelva a navegar por esa p\u00e1gina. Aunque mucha gente no lo sabe, las cookies se llevan utilizando desde hace 20 a\u00f1os, cuando aparecieron los primeros navegadores para la World Wide Web.<\/p>\n<h3>\u00bfQu\u00e9 NO es una cookie?<\/h3>\n<p>No es un virus, ni un troyano, ni un gusano, ni spam, ni spyware, ni abre ventanas pop-up.<\/p>\n<h3>\u00bfQu\u00e9 informaci\u00f3n almacena una cookie?<\/h3>\n<p>Las cookies no suelen almacenar informaci\u00f3n sensible sobre usted, como tarjetas de cr\u00e9dito o datos bancarios, fotograf\u00edas, su DNI o informaci\u00f3n personal, etc. Los datos que guardan son de car\u00e1cter t\u00e9cnico, preferencias personales, personalizaci\u00f3n de contenidos, etc.<\/p>\n<p>El servidor web no le asocia a usted como persona si no a su navegador web. De hecho, si usted navega habitualmente con Internet Explorer y prueba a navegar por la misma web con Firefox o Chrome ver\u00e1 que la web no se da cuenta que es usted la misma persona porque en realidad est\u00e1 asociando al navegador, no a la persona.<\/p>\n<h3>\u00bfQu\u00e9 tipo de cookies existen?<\/h3>\n<p>\u2013 Cookies t\u00e9cnicas: Son las m\u00e1s elementales y permiten, entre otras cosas, saber cu\u00e1ndo est\u00e1 navegando un humano o una aplicaci\u00f3n automatizada, cu\u00e1ndo navega un usuario an\u00f3nimo y uno registrado, tareas b\u00e1sicas para el funcionamiento de cualquier web din\u00e1mica.<\/p>\n<p>\u2013 Cookies de an\u00e1lisis: Recogen informaci\u00f3n sobre el tipo de navegaci\u00f3n que est\u00e1 realizando, las secciones que m\u00e1s utiliza, productos consultados, franja horaria de uso, idioma, etc.<\/p>\n<p>\u2013 Cookies publicitarias: Muestran publicidad en funci\u00f3n de su navegaci\u00f3n, su pa\u00eds de procedencia, idioma, etc.<\/p>\n<h3>\u00bfQu\u00e9 son las cookies propias y las de terceros?<\/h3>\n<p>Las cookies propias son las generadas por la p\u00e1gina que est\u00e1 visitando y las de terceros son las generadas por servicios o proveedores externos como Mailchimp, Mailrelay, Facebook, Twitter, Google, etc.<\/p>\n<h3>\u00bfSe pueden eliminar las cookies?<\/h3>\n<p>S\u00ed. No s\u00f3lo eliminar, tambi\u00e9n bloquear, de forma general o particular para un dominio espec\u00edfico.<\/p>\n<p>Para eliminar las cookies de un sitio web debe ir a la configuraci\u00f3n de su navegador y all\u00ed podr\u00e1 buscar las asociadas al dominio en cuesti\u00f3n y proceder a su eliminaci\u00f3n.<\/p>\n<h3>Configuraci\u00f3n de cookies para los navegadores m\u00e1s populares<\/h3>\n<p>El usuario podr\u00e1 -en cualquier momento- elegir qu\u00e9 cookies quiere que funcionen en este sitio web mediante la configuraci\u00f3n del navegador:<\/p>\n<p><a href=\"http:\/\/support.google.com\/chrome\/bin\/answer.py?hl=es&amp;answer=95647\">Google Chrome<\/a> \u2013 <a href=\"https:\/\/support.microsoft.com\/en-us\/help\/17442\/windows-internet-explorer-delete-manage-cookies#ie=ie-10\">Internet Explorer<\/a> \u2013 <a href=\"https:\/\/support.mozilla.org\/es\/kb\/habilitar-y-deshabilitar-cookies-sitios-web-rastrear-preferencias?redirectlocale=es&amp;redirectslug=habilitar-y-deshabilitar-cookies-que-los-sitios-we\">Mozilla Firefox<\/a> \u2013 <a href=\"https:\/\/support.apple.com\/es-es\/HT201265\">Apple Safari<\/a><\/p>\n<h3>\u00bfQu\u00e9 cookies utiliza esta web?<\/h3>\n<p>Algunas cookies del Sitio Web son fijadas por terceros, estas compa\u00f1\u00edas externas (como Google o etracker), procesan la informaci\u00f3n y nos facilitan datos referentes a la publicidad de nuestras promociones, etc. En ning\u00fan momento recaban informaci\u00f3n personal con la que se pueda identificar a un usuario en espec\u00edfico. Ninguna cookie tiene un periodo de validez superior a los dos a\u00f1os.<\/p>\n<p><u>Cookies utilizadas:<\/u><\/p>\n<p>\u2013 viewed_cookie_policy: Cookies de uso interno necesaria para el funcionamiento de la visualizaci\u00f3n de la pol\u00edtica de cookies de la web. Hasta 1 a\u00f1o<\/p>\n<p>\u2013 wordfence_verifiedHuman: Cookie utilizada para ofrecer seguridad al navegar en la p\u00e1gina Web. Sesi\u00f3n<\/p>\n<p>NOTA: Esta lista se actualizar\u00e1 con la mayor celeridad posible a medida que cambien los servicios del sitio web ofrecidos en el mismo.<\/p>\n<h3>\u00bfC\u00f3mo administrar cookies en el navegador?<\/h3>\n<p>El usuario tiene la opci\u00f3n de permitir, bloquear o eliminar las cookies instaladas en su equipo mediante la configuraci\u00f3n de las opciones del navegador instalado en su terminal:<\/p>\n<p>Para ajustar los permisos relacionados con las cookies en el navegador<strong> Google Chrome<\/strong>:<\/p>\n<p>1 Hacer clic en el men\u00fa situado en la barra de herramientas.<\/p>\n<p>2 Seleccionar <strong>Configuraci\u00f3n<\/strong>.<\/p>\n<p>3 Hacer clic en <strong>Mostar opciones avanzadas<\/strong>.<\/p>\n<p>4 En la secci\u00f3n Privacidad hacer clic en el bot\u00f3n <strong>Configuraci\u00f3n de contenido<\/strong>.<\/p>\n<p>5 En la secci\u00f3n de Cookies se pueden configurar las opciones.<\/p>\n<p><a href=\"https:\/\/support.google.com\/chrome\/answer\/95647?hl=es\" target=\"_blank\" rel=\"noopener\">M\u00e1s informaci\u00f3n sobre Google Chrome<\/a><\/p>\n<p>Para ajustar los permisos relacionados con las cookies en el navegador <strong>Mozilla Firefox<\/strong>:<\/p>\n<p>1 En la parte superior de la ventana de Firefox hacer clic en el men\u00fa <strong>Herramientas<\/strong>.<\/p>\n<p>2 Seleccionar <strong>Opciones.<\/strong><\/p>\n<p>3 Seleccionar el panel <strong>Privacidad<\/strong>.<\/p>\n<p>4 En la opci\u00f3n Firefox podr\u00e1 elegir <strong>Usar una configuraci\u00f3n personalizada para el historial <\/strong>para configurar las opciones.<\/p>\n<p><a href=\"https:\/\/support.mozilla.org\/es\/kb\/cookies-informacion-que-los-sitios-web-guardan-en-?esab=a&amp;s=adminstracion+de+cookies&amp;r=2&amp;as=s\" target=\"_blank\" rel=\"noopener\">M\u00e1s informaci\u00f3n sobre Mozilla Firefox<\/a><\/p>\n<p>Para ajustar los permisos relacionados con las cookies en el navegador <strong>Internet Explorer 9<\/strong>:<\/p>\n<p>1 En la parte superior de la ventana de Internet Explorer hacer clic en el men\u00fa <strong>Herramientas.<\/strong><\/p>\n<p>2 Seleccionar la pesta\u00f1a de <strong>Seguridad<\/strong>y utilizar la opci\u00f3n <strong>Eliminar el historial de exploraci\u00f3n <\/strong>para eliminar las cookies. Activar la casilla <strong>Cookies <\/strong>y, a continuaci\u00f3n, hacer clic en <strong>Eliminar<\/strong>.<\/p>\n<p>3 Seleccionar la pesta\u00f1a de <strong>Seguridad <\/strong>y acceder a <strong>Configuraci\u00f3n<\/strong>. Mover el control deslizante totalmente hacia arriba para bloquear todas las cookies o totalmente hacia abajo para permitir todas las cookies. Tras ello, hacer clic en <strong>Aceptar<\/strong>.<\/p>\n<p><a href=\"http:\/\/windows.microsoft.com\/es-es\/windows7\/how-to-manage-cookies-in-internet-explorer-9\" target=\"_blank\" rel=\"noopener\">M\u00e1s informaci\u00f3n sobre Internet Explorer 9<\/a><\/p>\n<p>En caso de bloquear el uso de cookies en su navegador es posible que algunos servicios o funcionalidades de la p\u00e1gina web no est\u00e9n disponibles.<\/p>\n<p>En algunos navegadores se pueden configurar reglas espec\u00edficas para administrar cookies por sitio web, lo que ofrece un control m\u00e1s preciso sobre la privacidad. Esto significa que se puede inhabilitar cookies de todos los sitios salvo de aquellos en los que se conf\u00ede.<\/p>\n<h3>M\u00e1s informaci\u00f3n sobre las cookies<\/h3>\n<p>Puedes consultar el reglamento sobre cookies publicado por la Agencia Espa\u00f1ola de Protecci\u00f3n de Datos en su \u201c<a href=\"https:\/\/www.agpd.es\/portalwebAGPD\/canaldocumentacion\/publicaciones\/common\/Guias\/Guia_Cookies.pdf\">Gu\u00eda sobre el uso de las cookies<\/a>\u201d y obtener m\u00e1s informaci\u00f3n sobre las cookies en Internet, <a href=\"http:\/\/www.aboutcookies.org\/\">http:\/\/www.aboutcookies.org\/<\/a><\/p>\n<p>Si desea tener un mayor control sobre la instalaci\u00f3n de cookies, puede instalar programas o complementos a su navegador, conocidos como herramientas de \u201cDo Not Track\u201d, que le permitir\u00e1n escoger aquellas cookies que desea permitir.<\/p>\n<h3>Advertencia importante sobre las cookies<\/h3>\n<p>Teniendo en cuenta la forma en la que funciona Internet y los sitios web, no siempre contamos con informaci\u00f3n de las cookies que terceras partes puedan utilizar a trav\u00e9s de nuestro sitio web.<\/p>\n<p>Esto se aplica especialmente a casos en los que nuestra p\u00e1gina web contiene elementos integrados: es decir, textos, documentos, im\u00e1genes o breves pel\u00edculas que se almacenan en otra parte, pero se muestran en nuestro sitio web o a trav\u00e9s del mismo. De all\u00ed la dificultad de cumplir el reglamento sobre las cookies de manera estricta.<\/p>\n<p>Esta pol\u00edtica de cookies ha sido actualizada por \u00faltima vez el 09\/07\/2018[\/constructed_text_block][\/vc_column][\/vc_row]<\/p>\n","protected":false},"excerpt":{"rendered":"<p>[vc_row full_width=\u00bbstretch_row_content_no_spaces\u00bb][vc_column 0=\u00bb\u00bb][constructed_heading title=\u00bbPol\u00edtica de Cookies\u00bb image=\u00bb9&#8243;][\/vc_column][\/vc_row][vc_row 0=\u00bb\u00bb desctop_pt=\u00bbpadding-md-55t\u00bb desctop_pb=\u00bbpadding-md-55b\u00bb tablets_pt=\u00bbpadding-sm-25t\u00bb tablets_pb=\u00bbpadding-sm-20b\u00bb mobile_pt=\u00bbpadding-xs-25t\u00bb mobile_pb=\u00bbpadding-xs-15b\u00bb][vc_column 0=\u00bb\u00bb][constructed_text_block 0=\u00bb\u00bb title_tag=\u00bbh3&#8243; el_class=\u00bbTextoCookies\u00bb]En esta web se utilizan cookies propias y de terceros para conseguir que tengas una mejor experiencia de navegaci\u00f3n, puedas compartir contenido en redes sociales y para obtener estad\u00edsticas de usuarios. Como usuario, la manera m\u00e1s sencilla de [&hellip;]<\/p>\n","protected":false},"author":1,"featured_media":0,"parent":0,"menu_order":6,"comment_status":"closed","ping_status":"closed","template":"","meta":{"footnotes":""},"_links":{"self":[{"href":"http:\/\/www.edainver.com\/index.php\/wp-json\/wp\/v2\/pages\/705"}],"collection":[{"href":"http:\/\/www.edainver.com\/index.php\/wp-json\/wp\/v2\/pages"}],"about":[{"href":"http:\/\/www.edainver.com\/index.php\/wp-json\/wp\/v2\/types\/page"}],"author":[{"embeddable":true,"href":"http:\/\/www.edainver.com\/index.php\/wp-json\/wp\/v2\/users\/1"}],"replies":[{"embeddable":true,"href":"http:\/\/www.edainver.com\/index.php\/wp-json\/wp\/v2\/comments?post=705"}],"version-history":[{"count":14,"href":"http:\/\/www.edainver.com\/index.php\/wp-json\/wp\/v2\/pages\/705\/revisions"}],"predecessor-version":[{"id":883,"href":"http:\/\/www.edainver.com\/index.php\/wp-json\/wp\/v2\/pages\/705\/revisions\/883"}],"wp:attachment":[{"href":"http:\/\/www.edainver.com\/index.php\/wp-json\/wp\/v2\/media?parent=705"}],"curies":[{"name":"wp","href":"https:\/\/api.w.org\/{rel}","templated":true}]}}