{"id":538,"date":"2017-07-13T11:51:18","date_gmt":"2017-07-13T11:51:18","guid":{"rendered":"http:\/\/www.edainver.com\/?page_id=538"},"modified":"2017-07-25T11:10:40","modified_gmt":"2017-07-25T11:10:40","slug":"poligono-de-abrera","status":"publish","type":"page","link":"https:\/\/www.edainver.com\/index.php\/alquilar\/barcelona\/poligono-de-abrera\/","title":{"rendered":"Pol\u00edgono de Abrera"},"content":{"rendered":"<p>[vc_row full_width=\u00bbstretch_row_content_no_spaces\u00bb][vc_column][constructed_heading title=\u00bbPol\u00edgono de Abrera\u00bb image=\u00bb9&#8243;][\/vc_column][\/vc_row][vc_row desctop_pt=\u00bbpadding-md-55t\u00bb desctop_pb=\u00bbpadding-md-20b\u00bb tablets_pt=\u00bbpadding-sm-25t\u00bb tablets_pb=\u00bbpadding-sm-10b\u00bb mobile_pt=\u00bbpadding-xs-25t\u00bb mobile_pb=\u00bbpadding-xs-10b\u00bb][vc_column][vc_row_inner css=\u00bb.vc_custom_1500020765690{margin-bottom: 35px !important;}\u00bb][vc_column_inner width=\u00bb1\/2&#8243; css=\u00bb.vc_custom_1500550826956{margin-bottom: 20px !important;}\u00bb][constructed_gallery images=\u00bb803&#8243;][\/vc_column_inner][vc_column_inner width=\u00bb1\/2&#8243;][constructed_text_block title_tag=\u00bbh3&#8243;]Nave industrial con oficinas en pol\u00edgono de Abrera, junto a la factor\u00eda de <strong>SEAT Martorell<\/strong>. Ocupa una superficie total en planta de 504 m2 y una entreplanta de oficinas de 250 m2 m\u00e1s.[\/constructed_text_block][\/vc_column_inner][\/vc_row_inner][\/vc_column][\/vc_row][vc_row desctop_pb=\u00bbpadding-md-50b\u00bb tablets_pb=\u00bbpadding-sm-15b\u00bb mobile_pb=\u00bbpadding-xs-15b\u00bb][vc_column width=\u00bb1\/6&#8243;][constructed_gallery images=\u00bb810&#8243;][\/vc_column][vc_column width=\u00bb1\/6&#8243;][constructed_gallery images=\u00bb811&#8243;][\/vc_column][vc_column width=\u00bb1\/6&#8243;][constructed_gallery images=\u00bb812&#8243;][\/vc_column][vc_column width=\u00bb1\/6&#8243;][constructed_gallery images=\u00bb813&#8243;][\/vc_column][vc_column width=\u00bb1\/6&#8243;][\/vc_column][vc_column width=\u00bb1\/6&#8243;][\/vc_column][\/vc_row][vc_row desctop_pt=\u00bbpadding-md-20t\u00bb desctop_pb=\u00bbpadding-md-25b\u00bb tablets_pt=\u00bbpadding-sm-20t\u00bb tablets_pb=\u00bbpadding-sm-10b\u00bb mobile_pt=\u00bbpadding-xs-20t\u00bb mobile_pb=\u00bbpadding-xs-10b\u00bb][vc_column][constructed_title title=\u00bbClientes\u00bb css=\u00bb.vc_custom_1500024103420{margin-bottom: 36px !important;}\u00bb][constructed_text_block title_tag=\u00bbh3&#8243; css=\u00bb.vc_custom_1500027338328{margin-bottom: 30px !important;}\u00bb]Estos son algunos de los clientes que han elegido nuestro espacio:[\/constructed_text_block][\/vc_column][\/vc_row][vc_row desctop_pb=\u00bbpadding-md-45b\u00bb tablets_pb=\u00bbpadding-sm-15b\u00bb mobile_pb=\u00bbpadding-xs-15b\u00bb][vc_column width=\u00bb1\/4&#8243;][vc_row_inner][vc_column_inner width=\u00bb1\/2&#8243;][vc_single_image image=\u00bb580&#8243; img_size=\u00bb\u00bb alignment=\u00bbcenter\u00bb][\/vc_column_inner][vc_column_inner width=\u00bb1\/2&#8243;][vc_single_image image=\u00bb808&#8243; img_size=\u00bbfull\u00bb alignment=\u00bbcenter\u00bb][\/vc_column_inner][\/vc_row_inner][\/vc_column][vc_column width=\u00bb1\/4&#8243;][vc_row_inner][vc_column_inner width=\u00bb1\/2&#8243;][vc_single_image image=\u00bb583&#8243; img_size=\u00bb\u00bb alignment=\u00bbcenter\u00bb][\/vc_column_inner][vc_column_inner width=\u00bb1\/2&#8243;][vc_single_image image=\u00bb814&#8243; img_size=\u00bbfull\u00bb alignment=\u00bbcenter\u00bb][\/vc_column_inner][\/vc_row_inner][\/vc_column][vc_column width=\u00bb1\/4&#8243;][vc_row_inner][vc_column_inner width=\u00bb1\/2&#8243;][vc_single_image image=\u00bb815&#8243; img_size=\u00bbfull\u00bb alignment=\u00bbcenter\u00bb][\/vc_column_inner][vc_column_inner width=\u00bb1\/2&#8243;][vc_single_image image=\u00bb816&#8243; img_size=\u00bbfull\u00bb alignment=\u00bbcenter\u00bb][\/vc_column_inner][\/vc_row_inner][\/vc_column][vc_column width=\u00bb1\/4&#8243;][vc_row_inner][vc_column_inner width=\u00bb1\/2&#8243;][vc_single_image image=\u00bb817&#8243; img_size=\u00bbfull\u00bb alignment=\u00bbcenter\u00bb][\/vc_column_inner][vc_column_inner width=\u00bb1\/2&#8243;][\/vc_column_inner][\/vc_row_inner][\/vc_column][\/vc_row]<\/p>\n","protected":false},"excerpt":{"rendered":"<p>[vc_row full_width=\u00bbstretch_row_content_no_spaces\u00bb][vc_column][constructed_heading title=\u00bbPol\u00edgono de Abrera\u00bb image=\u00bb9&#8243;][\/vc_column][\/vc_row][vc_row desctop_pt=\u00bbpadding-md-55t\u00bb desctop_pb=\u00bbpadding-md-20b\u00bb tablets_pt=\u00bbpadding-sm-25t\u00bb tablets_pb=\u00bbpadding-sm-10b\u00bb mobile_pt=\u00bbpadding-xs-25t\u00bb mobile_pb=\u00bbpadding-xs-10b\u00bb][vc_column][vc_row_inner css=\u00bb.vc_custom_1500020765690{margin-bottom: 35px !important;}\u00bb][vc_column_inner width=\u00bb1\/2&#8243; css=\u00bb.vc_custom_1500550826956{margin-bottom: 20px !important;}\u00bb][constructed_gallery images=\u00bb803&#8243;][\/vc_column_inner][vc_column_inner width=\u00bb1\/2&#8243;][constructed_text_block title_tag=\u00bbh3&#8243;]Nave industrial con oficinas en pol\u00edgono de Abrera, junto a la factor\u00eda de SEAT Martorell. Ocupa una superficie total en planta de 504 m2 y una entreplanta de oficinas de 250 m2 m\u00e1s.[\/constructed_text_block][\/vc_column_inner][\/vc_row_inner][\/vc_column][\/vc_row][vc_row desctop_pb=\u00bbpadding-md-50b\u00bb [&hellip;]<\/p>\n","protected":false},"author":1,"featured_media":0,"parent":487,"menu_order":0,"comment_status":"closed","ping_status":"closed","template":"","meta":{"footnotes":""},"_links":{"self":[{"href":"https:\/\/www.edainver.com\/index.php\/wp-json\/wp\/v2\/pages\/538"}],"collection":[{"href":"https:\/\/www.edainver.com\/index.php\/wp-json\/wp\/v2\/pages"}],"about":[{"href":"https:\/\/www.edainver.com\/index.php\/wp-json\/wp\/v2\/types\/page"}],"author":[{"embeddable":true,"href":"https:\/\/www.edainver.com\/index.php\/wp-json\/wp\/v2\/users\/1"}],"replies":[{"embeddable":true,"href":"https:\/\/www.edainver.com\/index.php\/wp-json\/wp\/v2\/comments?post=538"}],"version-history":[{"count":8,"href":"https:\/\/www.edainver.com\/index.php\/wp-json\/wp\/v2\/pages\/538\/revisions"}],"predecessor-version":[{"id":825,"href":"https:\/\/www.edainver.com\/index.php\/wp-json\/wp\/v2\/pages\/538\/revisions\/825"}],"up":[{"embeddable":true,"href":"https:\/\/www.edainver.com\/index.php\/wp-json\/wp\/v2\/pages\/487"}],"wp:attachment":[{"href":"https:\/\/www.edainver.com\/index.php\/wp-json\/wp\/v2\/media?parent=538"}],"curies":[{"name":"wp","href":"https:\/\/api.w.org\/{rel}","templated":true}]}}

Polígono de Abrera

<p>[vc_row full_width=»stretch_row_content_no_spaces»][vc_column][constructed_heading title=»Polígono de Abrera» image=»9&#8243;][/vc_column][/vc_row][vc_row desctop_pt=»padding-md-55t» desctop_pb=»padding-md-20b» tablets_pt=»padding-sm-25t» tablets_pb=»padding-sm-10b» mobile_pt=»padding-xs-25t» mobile_pb=»padding-xs-10b»][vc_column][vc_row_inner css=».vc_custom_1500020765690{margin-bottom: 35px !important;}»][vc_column_inner width=»1/2&#8243; css=».vc_custom_1500550826956{margin-bottom: 20px !important;}»][constructed_gallery images=»803&#8243;][/vc_column_inner][vc_column_inner width=»1/2&#8243;][constructed_text_block title_tag=»h3&#8243;]Nave industrial con oficinas en polígono de Abrera, junto a la factoría de <strong>SEAT Martorell</strong>. Ocupa una superficie total en planta de 504 m2 y una entreplanta de oficinas de 250 m2 más.[/constructed_text_block][/vc_column_inner][/vc_row_inner][/vc_column][/vc_row][vc_row desctop_pb=»padding-md-50b» tablets_pb=»padding-sm-15b» mobile_pb=»padding-xs-15b»][vc_column width=»1/6&#8243;][constructed_gallery images=»810&#8243;][/vc_column][vc_column width=»1/6&#8243;][constructed_gallery images=»811&#8243;][/vc_column][vc_column width=»1/6&#8243;][constructed_gallery images=»812&#8243;][/vc_column][vc_column width=»1/6&#8243;][constructed_gallery images=»813&#8243;][/vc_column][vc_column width=»1/6&#8243;][/vc_column][vc_column width=»1/6&#8243;][/vc_column][/vc_row][vc_row desctop_pt=»padding-md-20t» desctop_pb=»padding-md-25b» tablets_pt=»padding-sm-20t» tablets_pb=»padding-sm-10b» mobile_pt=»padding-xs-20t» mobile_pb=»padding-xs-10b»][vc_column][constructed_title title=»Clientes» css=».vc_custom_1500024103420{margin-bottom: 36px !important;}»][constructed_text_block title_tag=»h3&#8243; css=».vc_custom_1500027338328{margin-bottom: 30px !important;}»]Estos son algunos de los clientes que han elegido nuestro espacio:[/constructed_text_block][/vc_column][/vc_row][vc_row desctop_pb=»padding-md-45b» tablets_pb=»padding-sm-15b» mobile_pb=»padding-xs-15b»][vc_column width=»1/4&#8243;][vc_row_inner][vc_column_inner width=»1/2&#8243;][vc_single_image image=»580&#8243; img_size=»» alignment=»center»][/vc_column_inner][vc_column_inner width=»1/2&#8243;][vc_single_image image=»808&#8243; img_size=»full» alignment=»center»][/vc_column_inner][/vc_row_inner][/vc_column][vc_column width=»1/4&#8243;][vc_row_inner][vc_column_inner width=»1/2&#8243;][vc_single_image image=»583&#8243; img_size=»» alignment=»center»][/vc_column_inner][vc_column_inner width=»1/2&#8243;][vc_single_image image=»814&#8243; img_size=»full» alignment=»center»][/vc_column_inner][/vc_row_inner][/vc_column][vc_column width=»1/4&#8243;][vc_row_inner][vc_column_inner width=»1/2&#8243;][vc_single_image image=»815&#8243; img_size=»full» alignment=»center»][/vc_column_inner][vc_column_inner width=»1/2&#8243;][vc_single_image image=»816&#8243; img_size=»full» alignment=»center»][/vc_column_inner][/vc_row_inner][/vc_column][vc_column width=»1/4&#8243;][vc_row_inner][vc_column_inner width=»1/2&#8243;][vc_single_image image=»817&#8243; img_size=»full» alignment=»center»][/vc_column_inner][vc_column_inner width=»1/2&#8243;][/vc_column_inner][/vc_row_inner][/vc_column][/vc_row]</p>

<p>[vc_row full_width=»stretch_row_content_no_spaces»][vc_column][constructed_heading title=»Polígono de Abrera» image=»9&#8243;][/vc_column][/vc_row][vc_row desctop_pt=»padding-md-55t» desctop_pb=»padding-md-20b» tablets_pt=»padding-sm-25t» tablets_pb=»padding-sm-10b» mobile_pt=»padding-xs-25t» mobile_pb=»padding-xs-10b»][vc_column][vc_row_inner css=».vc_custom_1500020765690{margin-bottom: 35px !important;}»][vc_column_inner width=»1/2&#8243; css=».vc_custom_1500550826956{margin-bottom: 20px !important;}»][constructed_gallery images=»803&#8243;][/vc_column_inner][vc_column_inner width=»1/2&#8243;][constructed_text_block title_tag=»h3&#8243;]Nave industrial con oficinas en polígono de Abrera, junto a la factoría de SEAT Martorell. Ocupa una superficie total en planta de 504 m2 y una entreplanta de oficinas de 250 m2 más.[/constructed_text_block][/vc_column_inner][/vc_row_inner][/vc_column][/vc_row][vc_row desctop_pb=»padding-md-50b» [&hellip;]</p>
