{"id":617,"date":"2017-07-18T09:17:02","date_gmt":"2017-07-18T09:17:02","guid":{"rendered":"http:\/\/www.edainver.com\/?page_id=617"},"modified":"2017-07-25T11:16:18","modified_gmt":"2017-07-25T11:16:18","slug":"poligono-el-portazgo","status":"publish","type":"page","link":"https:\/\/www.edainver.com\/index.php\/alquilar\/zaragoza\/poligono-el-portazgo\/","title":{"rendered":"Pol\u00edgono El Portazgo"},"content":{"rendered":"<p>[vc_row full_width=\u00bbstretch_row_content_no_spaces\u00bb][vc_column][constructed_heading title=\u00bbPol\u00edgono El Portazgo\u00bb image=\u00bb9&#8243;][\/vc_column][\/vc_row][vc_row desctop_pt=\u00bbpadding-md-55t\u00bb desctop_pb=\u00bbpadding-md-20b\u00bb tablets_pt=\u00bbpadding-sm-25t\u00bb tablets_pb=\u00bbpadding-sm-10b\u00bb mobile_pt=\u00bbpadding-xs-25t\u00bb mobile_pb=\u00bbpadding-xs-10b\u00bb][vc_column][vc_row_inner css=\u00bb.vc_custom_1500020765690{margin-bottom: 35px !important;}\u00bb][vc_column_inner width=\u00bb1\/2&#8243; css=\u00bb.vc_custom_1500550555557{margin-bottom: 20px !important;}\u00bb][constructed_gallery images=\u00bb648&#8243;][\/vc_column_inner][vc_column_inner width=\u00bb1\/2&#8243;][constructed_text_block title_tag=\u00bbh3&#8243;]Conjunto compuesto de 2 naves anexas con una superficie total acumulada de 1400 m2 en planta y 400 m2 de oficinas en entreplanta.<\/p>\n<p>Dotadas de instalaci\u00f3n contra incendios, de aire comprimido y el\u00e9ctrica, se encuentran ubicadas en el Pol\u00edgono El Portazgo, ubicado en la autov\u00eda de Logro\u00f1o junto a las antiguas instalaciones de Pikolin. Se trata de un pol\u00edgono cerrado, lo que facilita la seguridad. Preparado para puente grua.[\/constructed_text_block][\/vc_column_inner][\/vc_row_inner][\/vc_column][\/vc_row][vc_row desctop_pb=\u00bbpadding-md-20b\u00bb tablets_pb=\u00bbpadding-sm-15b\u00bb mobile_pb=\u00bbpadding-xs-0b\u00bb][vc_column width=\u00bb1\/6&#8243;][constructed_gallery images=\u00bb625&#8243;][\/vc_column][vc_column width=\u00bb1\/6&#8243;][constructed_gallery images=\u00bb649&#8243;][\/vc_column][vc_column width=\u00bb1\/6&#8243;][constructed_gallery images=\u00bb650&#8243;][\/vc_column][vc_column width=\u00bb1\/6&#8243;][constructed_gallery images=\u00bb651&#8243;][\/vc_column][vc_column width=\u00bb1\/6&#8243;][constructed_gallery images=\u00bb652&#8243;][\/vc_column][vc_column width=\u00bb1\/6&#8243;][constructed_gallery images=\u00bb653&#8243;][\/vc_column][\/vc_row][vc_row desctop_pb=\u00bbpadding-md-50b\u00bb tablets_pb=\u00bbpadding-sm-15b\u00bb mobile_pb=\u00bbpadding-xs-15b\u00bb][vc_column width=\u00bb1\/6&#8243;][constructed_gallery images=\u00bb654&#8243;][\/vc_column][vc_column width=\u00bb1\/6&#8243;][constructed_gallery images=\u00bb655&#8243;][\/vc_column][vc_column width=\u00bb1\/6&#8243;][constructed_gallery images=\u00bb656&#8243;][\/vc_column][vc_column width=\u00bb1\/6&#8243;][\/vc_column][vc_column width=\u00bb1\/6&#8243;][\/vc_column][vc_column width=\u00bb1\/6&#8243;][\/vc_column][\/vc_row][vc_row desctop_pt=\u00bbpadding-md-20t\u00bb desctop_pb=\u00bbpadding-md-25b\u00bb tablets_pt=\u00bbpadding-sm-20t\u00bb tablets_pb=\u00bbpadding-sm-10b\u00bb mobile_pt=\u00bbpadding-xs-20t\u00bb mobile_pb=\u00bbpadding-xs-10b\u00bb][vc_column][constructed_title title=\u00bbClientes\u00bb css=\u00bb.vc_custom_1500024103420{margin-bottom: 36px !important;}\u00bb][constructed_text_block title_tag=\u00bbh3&#8243; css=\u00bb.vc_custom_1500027338328{margin-bottom: 30px !important;}\u00bb]Estos son algunos de los clientes que han elegido nuestro espacio:[\/constructed_text_block][\/vc_column][\/vc_row][vc_row desctop_pb=\u00bbpadding-md-45b\u00bb tablets_pb=\u00bbpadding-sm-15b\u00bb mobile_pb=\u00bbpadding-xs-15b\u00bb][vc_column width=\u00bb1\/4&#8243;][vc_row_inner][vc_column_inner width=\u00bb1\/2&#8243;][vc_single_image image=\u00bb580&#8243; img_size=\u00bb\u00bb alignment=\u00bbcenter\u00bb][\/vc_column_inner][vc_column_inner width=\u00bb1\/2&#8243;][vc_single_image image=\u00bb808&#8243; img_size=\u00bbfull\u00bb alignment=\u00bbcenter\u00bb][\/vc_column_inner][\/vc_row_inner][\/vc_column][vc_column width=\u00bb1\/4&#8243;][vc_row_inner][vc_column_inner width=\u00bb1\/2&#8243;][vc_single_image image=\u00bb583&#8243; img_size=\u00bb\u00bb alignment=\u00bbcenter\u00bb][\/vc_column_inner][vc_column_inner width=\u00bb1\/2&#8243;][vc_single_image image=\u00bb814&#8243; img_size=\u00bbfull\u00bb alignment=\u00bbcenter\u00bb][\/vc_column_inner][\/vc_row_inner][\/vc_column][vc_column width=\u00bb1\/4&#8243;][vc_row_inner][vc_column_inner width=\u00bb1\/2&#8243;][vc_single_image image=\u00bb815&#8243; img_size=\u00bbfull\u00bb alignment=\u00bbcenter\u00bb][\/vc_column_inner][vc_column_inner width=\u00bb1\/2&#8243;][vc_single_image image=\u00bb816&#8243; img_size=\u00bbfull\u00bb alignment=\u00bbcenter\u00bb][\/vc_column_inner][\/vc_row_inner][\/vc_column][vc_column width=\u00bb1\/4&#8243;][vc_row_inner][vc_column_inner width=\u00bb1\/2&#8243;][vc_single_image image=\u00bb817&#8243; img_size=\u00bbfull\u00bb alignment=\u00bbcenter\u00bb][\/vc_column_inner][vc_column_inner width=\u00bb1\/2&#8243;][\/vc_column_inner][\/vc_row_inner][\/vc_column][\/vc_row]<\/p>\n","protected":false},"excerpt":{"rendered":"<p>[vc_row full_width=\u00bbstretch_row_content_no_spaces\u00bb][vc_column][constructed_heading title=\u00bbPol\u00edgono El Portazgo\u00bb image=\u00bb9&#8243;][\/vc_column][\/vc_row][vc_row desctop_pt=\u00bbpadding-md-55t\u00bb desctop_pb=\u00bbpadding-md-20b\u00bb tablets_pt=\u00bbpadding-sm-25t\u00bb tablets_pb=\u00bbpadding-sm-10b\u00bb mobile_pt=\u00bbpadding-xs-25t\u00bb mobile_pb=\u00bbpadding-xs-10b\u00bb][vc_column][vc_row_inner css=\u00bb.vc_custom_1500020765690{margin-bottom: 35px !important;}\u00bb][vc_column_inner width=\u00bb1\/2&#8243; css=\u00bb.vc_custom_1500550555557{margin-bottom: 20px !important;}\u00bb][constructed_gallery images=\u00bb648&#8243;][\/vc_column_inner][vc_column_inner width=\u00bb1\/2&#8243;][constructed_text_block title_tag=\u00bbh3&#8243;]Conjunto compuesto de 2 naves anexas con una superficie total acumulada de 1400 m2 en planta y 400 m2 de oficinas en entreplanta. Dotadas de instalaci\u00f3n contra incendios, de aire comprimido y el\u00e9ctrica, se [&hellip;]<\/p>\n","protected":false},"author":1,"featured_media":0,"parent":480,"menu_order":2,"comment_status":"closed","ping_status":"closed","template":"","meta":{"footnotes":""},"_links":{"self":[{"href":"https:\/\/www.edainver.com\/index.php\/wp-json\/wp\/v2\/pages\/617"}],"collection":[{"href":"https:\/\/www.edainver.com\/index.php\/wp-json\/wp\/v2\/pages"}],"about":[{"href":"https:\/\/www.edainver.com\/index.php\/wp-json\/wp\/v2\/types\/page"}],"author":[{"embeddable":true,"href":"https:\/\/www.edainver.com\/index.php\/wp-json\/wp\/v2\/users\/1"}],"replies":[{"embeddable":true,"href":"https:\/\/www.edainver.com\/index.php\/wp-json\/wp\/v2\/comments?post=617"}],"version-history":[{"count":5,"href":"https:\/\/www.edainver.com\/index.php\/wp-json\/wp\/v2\/pages\/617\/revisions"}],"predecessor-version":[{"id":830,"href":"https:\/\/www.edainver.com\/index.php\/wp-json\/wp\/v2\/pages\/617\/revisions\/830"}],"up":[{"embeddable":true,"href":"https:\/\/www.edainver.com\/index.php\/wp-json\/wp\/v2\/pages\/480"}],"wp:attachment":[{"href":"https:\/\/www.edainver.com\/index.php\/wp-json\/wp\/v2\/media?parent=617"}],"curies":[{"name":"wp","href":"https:\/\/api.w.org\/{rel}","templated":true}]}}

Polígono El Portazgo

<p>[vc_row full_width=»stretch_row_content_no_spaces»][vc_column][constructed_heading title=»Polígono El Portazgo» image=»9&#8243;][/vc_column][/vc_row][vc_row desctop_pt=»padding-md-55t» desctop_pb=»padding-md-20b» tablets_pt=»padding-sm-25t» tablets_pb=»padding-sm-10b» mobile_pt=»padding-xs-25t» mobile_pb=»padding-xs-10b»][vc_column][vc_row_inner css=».vc_custom_1500020765690{margin-bottom: 35px !important;}»][vc_column_inner width=»1/2&#8243; css=».vc_custom_1500550555557{margin-bottom: 20px !important;}»][constructed_gallery images=»648&#8243;][/vc_column_inner][vc_column_inner width=»1/2&#8243;][constructed_text_block title_tag=»h3&#8243;]Conjunto compuesto de 2 naves anexas con una superficie total acumulada de 1400 m2 en planta y 400 m2 de oficinas en entreplanta.</p>
<p>Dotadas de instalación contra incendios, de aire comprimido y eléctrica, se encuentran ubicadas en el Polígono El Portazgo, ubicado en la autovía de Logroño junto a las antiguas instalaciones de Pikolin. Se trata de un polígono cerrado, lo que facilita la seguridad. Preparado para puente grua.[/constructed_text_block][/vc_column_inner][/vc_row_inner][/vc_column][/vc_row][vc_row desctop_pb=»padding-md-20b» tablets_pb=»padding-sm-15b» mobile_pb=»padding-xs-0b»][vc_column width=»1/6&#8243;][constructed_gallery images=»625&#8243;][/vc_column][vc_column width=»1/6&#8243;][constructed_gallery images=»649&#8243;][/vc_column][vc_column width=»1/6&#8243;][constructed_gallery images=»650&#8243;][/vc_column][vc_column width=»1/6&#8243;][constructed_gallery images=»651&#8243;][/vc_column][vc_column width=»1/6&#8243;][constructed_gallery images=»652&#8243;][/vc_column][vc_column width=»1/6&#8243;][constructed_gallery images=»653&#8243;][/vc_column][/vc_row][vc_row desctop_pb=»padding-md-50b» tablets_pb=»padding-sm-15b» mobile_pb=»padding-xs-15b»][vc_column width=»1/6&#8243;][constructed_gallery images=»654&#8243;][/vc_column][vc_column width=»1/6&#8243;][constructed_gallery images=»655&#8243;][/vc_column][vc_column width=»1/6&#8243;][constructed_gallery images=»656&#8243;][/vc_column][vc_column width=»1/6&#8243;][/vc_column][vc_column width=»1/6&#8243;][/vc_column][vc_column width=»1/6&#8243;][/vc_column][/vc_row][vc_row desctop_pt=»padding-md-20t» desctop_pb=»padding-md-25b» tablets_pt=»padding-sm-20t» tablets_pb=»padding-sm-10b» mobile_pt=»padding-xs-20t» mobile_pb=»padding-xs-10b»][vc_column][constructed_title title=»Clientes» css=».vc_custom_1500024103420{margin-bottom: 36px !important;}»][constructed_text_block title_tag=»h3&#8243; css=».vc_custom_1500027338328{margin-bottom: 30px !important;}»]Estos son algunos de los clientes que han elegido nuestro espacio:[/constructed_text_block][/vc_column][/vc_row][vc_row desctop_pb=»padding-md-45b» tablets_pb=»padding-sm-15b» mobile_pb=»padding-xs-15b»][vc_column width=»1/4&#8243;][vc_row_inner][vc_column_inner width=»1/2&#8243;][vc_single_image image=»580&#8243; img_size=»» alignment=»center»][/vc_column_inner][vc_column_inner width=»1/2&#8243;][vc_single_image image=»808&#8243; img_size=»full» alignment=»center»][/vc_column_inner][/vc_row_inner][/vc_column][vc_column width=»1/4&#8243;][vc_row_inner][vc_column_inner width=»1/2&#8243;][vc_single_image image=»583&#8243; img_size=»» alignment=»center»][/vc_column_inner][vc_column_inner width=»1/2&#8243;][vc_single_image image=»814&#8243; img_size=»full» alignment=»center»][/vc_column_inner][/vc_row_inner][/vc_column][vc_column width=»1/4&#8243;][vc_row_inner][vc_column_inner width=»1/2&#8243;][vc_single_image image=»815&#8243; img_size=»full» alignment=»center»][/vc_column_inner][vc_column_inner width=»1/2&#8243;][vc_single_image image=»816&#8243; img_size=»full» alignment=»center»][/vc_column_inner][/vc_row_inner][/vc_column][vc_column width=»1/4&#8243;][vc_row_inner][vc_column_inner width=»1/2&#8243;][vc_single_image image=»817&#8243; img_size=»full» alignment=»center»][/vc_column_inner][vc_column_inner width=»1/2&#8243;][/vc_column_inner][/vc_row_inner][/vc_column][/vc_row]</p>

<p>[vc_row full_width=»stretch_row_content_no_spaces»][vc_column][constructed_heading title=»Polígono El Portazgo» image=»9&#8243;][/vc_column][/vc_row][vc_row desctop_pt=»padding-md-55t» desctop_pb=»padding-md-20b» tablets_pt=»padding-sm-25t» tablets_pb=»padding-sm-10b» mobile_pt=»padding-xs-25t» mobile_pb=»padding-xs-10b»][vc_column][vc_row_inner css=».vc_custom_1500020765690{margin-bottom: 35px !important;}»][vc_column_inner width=»1/2&#8243; css=».vc_custom_1500550555557{margin-bottom: 20px !important;}»][constructed_gallery images=»648&#8243;][/vc_column_inner][vc_column_inner width=»1/2&#8243;][constructed_text_block title_tag=»h3&#8243;]Conjunto compuesto de 2 naves anexas con una superficie total acumulada de 1400 m2 en planta y 400 m2 de oficinas en entreplanta. Dotadas de instalación contra incendios, de aire comprimido y eléctrica, se [&hellip;]</p>
